130227
What is 2a047 (base 13) in base 6?
1410235
What is 2497b4 (base 14) in base 13?
34c62b
What is 16316401 (base 7) in base 16?
182d82
What is 5e9e2 (base 16) in base 9?
650555
What is 33121121 (base 4) in base 6?
1203545
What is -163699 (base 10) in base 6?
-3301511
What is -19b265 (base 12) in base 4?
-1233002231
-3d3ab (base 15) to base 5
-22242321
Convert -200012441 (base 5) to base 11.
-494793
What is 110002121022110 (base 3) in base 11?
36a0957
-1340420 (base 5) to base 14
-a0c2
-4c132 (base 13) to base 14
-39466
Convert 6cc0a (base 13) to base 9.
334024
What is -1101111101110111100111 (base 2) in base 9?
-6800306
Convert -3c31 (base 16) to base 15.
-4874
What is -21102220001212 (base 3) in base 14?
-74d030
What is 121321 (base 6) in base 5?
320310
What is -353632a (base 11) in base 12?
-2097a96
-133452301 (base 6) to base 13
-735a84
What is -314431223 (base 5) in base 7?
-14164663
What is -7395 (base 15) in base 10?
-24440
What is -1327a3 (base 11) in base 10?
-208596
Convert 11101100110010101100001 (base 2) to base 9.
15535554
609145 (base 14) to base 16
319eb9
What is -62187c (base 16) in base 6?
-345442540
-1016946 (base 10) to base 3
-1220122222200
Convert -231212222 (base 5) to base 15.
-157a42
What is 843998 (base 11) in base 13?
3845c5
Convert 470057 (base 8) to base 13.
57968
What is -48263 (base 13) in base 7?
-1060352
What is -15345076 (base 8) in base 4?
-31130220332
Convert 231002122 (base 4) to base 5.
21400344
Convert -1285041 (base 11) to base 2.
-1000011101011000010011
Convert -1a189 (base 14) to base 16.
-1027d
32325342 (base 6) to base 2
11101010011011111110
-ad0e14 (base 15) to base 8
-37373104
What is -15305010 (base 6) in base 5?
-114201010
What is -40400010 (base 5) in base 14?
-86629
What is 82a995 (base 11) in base 5?
320112233
What is 3b103 (base 12) in base 7?
456132
Convert 10111110100100110 (base 2) to base 15.
1dd9e
813450 (base 16) to base 6
501253320
What is 70a745 (base 11) in base 15?
178393
Convert -2206415 (base 7) to base 5.
-32134203
Convert -3f262e (base 16) to base 3.
-21210021000100
What is -22221276 (base 8) in base 13?
-cba810
What is 12a57 (base 16) in base 12?
38247
Convert 22660460 (base 8) to base 15.
678ada
What is -97870 (base 10) in base 6?
-2033034
What is 11101111011011010 (base 2) in base 10?
122586
What is 43505505 (base 6) in base 5?
313043412
What is -574130 (base 8) in base 2?
-101111100001011000
Convert 2612363 (base 7) to base 14.
8b9a3
What is 10247169 (base 10) in base 14?
150a569
6485721 (base 10) to base 16
62f6d9
Convert b9a14a (base 13) to base 4.
100221103101
-50531554 (base 6) to base 5
-332133003
What is -313552552 (base 6) in base 9?
-11320085
-23116 (base 8) to base 7
-40406
447263 (base 9) to base 3
111121022010
What is 156915 (base 15) in base 16?
fca2b
Convert -4020315 (base 7) to base 5.
-110204212
What is -40aa17 (base 11) in base 5?
-132034432
40207 (base 11) to base 8
162675
Convert 4ba7d (base 14) to base 10.
185919
Convert -140567 (base 12) to base 2.
-1010001001100011111
1923c4 (base 13) to base 3
1012011212101
d8e3ec (base 15) to base 11
5912384
10d172 (base 15) to base 10
803582
Convert 58aa4 (base 12) to base 15.
2542d
What is -14743016 (base 10) in base 3?
-1000202000121122
135e25 (base 15) to base 10
931310
What is 1476584 (base 9) in base 7?
6646030
-185880 (base 11) to base 3
-112112011112
213020302 (base 4) to base 2
100111001000110010
What is -14058a7 (base 11) in base 4?
-21033223101
-91291 (base 10) to base 5
-10410131
Convert 11022110212 (base 3) to base 13.
2c858
What is 101213120 (base 5) in base 8?
1447537
Convert 331322120 (base 4) to base 14.
685ba
What is -2401011 (base 5) in base 9?
-66166
Convert 114811 (base 9) to base 7.
405463
-6b8a0 (base 16) to base 6
-13235132
What is -145144 (base 7) in base 15?
-8557
Convert 1304013 (base 5) to base 15.
7858
What is -32322 (base 14) in base 7?
-1013542
12132123112 (base 4) to base 10
1697494
Convert -3610c (base 14) to base 6.
-2454424
What is 44016056 (base 7) in base 14?
7018d6
Convert 2013012221 (base 4) to base 8.
2070651
Convert -201403566 (base 7) to base 6.
-1055035453
-12100201202100 (base 3) to base 16
-2b77f0
Convert -200444114 (base 6) to base 14.
-645aa2
What is 1202201321 (base 4) in base 5?
100403302
-330220431 (base 5) to base 9
-2584412
What is 6406411 (base 9) in base 16?
3454ae
235500 (base 11) to base 4
1123020211
What is 22410455 (base 6) in base 15?
d82c8
51a084 (base 11) to base 9
1510056
Convert 136f26 (base 16) to base 7.
13553142
What is 2769907 (base 13) in base 10?
12445336
-9bbfd (base 16) to base 6
-21401245
Convert 993b7 (base 12) to base 5.
22441442
Convert -5b336 (base 13) to base 11.
-104955
Convert 382561 (base 11) to base 6.
20534303
What is -110203012 (base 4) in base 5?
-10143131
314204433 (base 5) to base 12
537634
Convert -236162 (base 8) to base 11.
-55956
Convert -12202200010 (base 3) to base 4.
-123231030
What is 11010100100011010 (base 2) in base 12?
52b8a
-2616634 (base 8) to base 12
-2b16a4
What is 2050305 (base 6) in base 11?
69073
-10335683 (base 9) to base 14
-93a485
What is 57dd53 (base 15) in base 8?
20007360
What is -41d6a0 (base 16) in base 6?
-232251504
Convert -513392 (base 10) to base 9.
-862215
What is 3112214 (base 5) in base 2?
1100011011110110
What is -15343212 (base 7) in base 16?
-1679b5
321100210 (base 4) to base 14
61684
Convert -5885b (base 13) to base 11.
-10062a
Convert -101111010101110110 (base 2) to base 9.
-324885
ac28 (base 13) to base 12
11aa8
What is 113010014 (base 5) in base 14?
d61d9
4010718 (base 12) to base 10
11965700
Convert -177b17 (base 13) to base 9.
-1086214
What is -11012020221020 (base 3) in base 9?
-4166836
Convert -355525 (base 10) to base 12.
-1518b1
-236815a (base 11) to base 8
-17570433
9b572 (base 13) to base 5
33012104
What is -1123221111 (base 4) in base 5?
-44003011
101446 (base 15) to base 2
10111010011101000100
111230201331 (base 4) to base 9
11627606
Convert -83b28 (base 12) to base 16.
-2a290
b943 (base 13) to base 16
648f
What is 1035170 (base 8) in base 13?
99194
Convert 311021003 (base 4) to base 16.
35243
Convert -16bca8 (base 14) to base 13.
-220789
Convert -21202120120 (base 3) to base 2.
-100101010011001101
What is -48361 (base 13) in base 15?
-29371
55246 (base 11) to base 6
1415024
-10000200011111 (base 3) to base 7
-16443532
Convert -138a70 (base 11) to base 3.
-102000112200
115543 (base 6) to base 5
312414
Convert -21012010120 (base 3) to base 16.
-228d2
What is 162636 (base 7) in base 6?
405100
2310113332 (base 4) to base 5
142120224
Convert -76b683 (base 15) to base 13.
-1231419
-11475021 (base 8) to base 2
-1001100111101000010001
Convert 416f12 (base 16) to base 6.
231525042
Convert -115335112 (base 7) to base 14.
-d65042
What is -10000312110 (base 5) in base 7?
-146044116
1040414 (base 7) to base 16
1f1e4
Convert 255420 (base 7) to base 13.
18843
What is -1071479 (base 10) in base 8?
-4054567
Convert -698099 (base 12) to base 9.
-3161110
-1226640 (base 8) to base 14
-8b960
Convert -32033301220 (base 4) to base 13.
-a09b55
Convert 96a55 (base 12) to base 15.
3dc32
-1123230 (base 5) to base 10
-20440
2420044144 (base 5) to base 15
762884
-245a38 (base 11) to base 9
-652016
Convert 11101110000110110101 (base 2) to base 16.
ee1b5
1516555 (base 7) to base 11
131102
-301332312 (base 4) to base 10
-204726
222111200201 (base 3) to base 13
15362b
b53b3 (base 13) to base 5
40411214
What is 17567652 (base 8) in base 13?
b154ab
-8628162 (base 10) to base 13
-1a3132a
What is 70774 (base 9) in base 7?
252514
What is 3225532 (base 6) in base 11?
a9832
What is -31134213 (base 5) in base 6?
-5251050
What is -1aa1c (base 13) in base 2?
-1100110000010110
-2111211100 (base 3) to base 16
-c126
What is 2310034 (base 7) in base 15?
5a59a
What is 11313123323 (base 4) in base 10?
1537787
10111000010111100110 (base 2) to base 9
1370812
What is -1013333 (base 4) in base 10?
-4607
What is -6b1a9 (base 13) in base 10?
-195841
What is -388734 (base 13) in base 3?
-2120011011200
What is -10101110010010011 (base 2) in base 13?
-31803
ce86 (base 16) to base 8
147206
What is 1278176 (base 13) in base 14?
aa904c
What is -1719627 (base 10) in base 11?
-a74a88
4dc16b (base 15) to base 3
21000211110002
What is 16253